s 2/4 + a/(-4) prime?
False
Suppose 0*f - 14 = 4*x - 2*f, -43 = 3*x + 5*f. Suppose -2*b - 15 - 23 = -3*s, 4*b + 26 = s. Let r = x + s. Is r prime?
False
Let b(p) be the second derivative of 22*p**3/3 - p**2/2 + p. Let f(u) = -u**3 + 5*u**2 + 4*u + 14. Let i be f(6). Is b(i) prime?
False
Let h(l) be the second derivative of -l**5/20 + 2*l**4/3 - 3*l**3/2 + 3*l**2/2 + l. Is h(6) a prime number?
False
Let b(s) = 253*s**2 - 8*s - 31. Is b(-4) prime?
True
Suppose 4*h = -7*d + 2*d - 1029, -260 = h + 4*d. Is -1*((1 - 2) + h) a composite number?
False
Is -1 - (-260 - (1 - -3)) a composite number?
False
Suppose -2*q = -u + 667, -u + q + 4*q + 652 = 0. Is u a composite number?
False
Suppose 0 = j - 1097 - 18. Is j prime?
False
Suppose f = -3*r - 2*f, -2*f = 0. Let x(o) = -o**3 + 397. Is x(r) prime?
True
Suppose 4*m - 4081 = -7*m. Is m a prime number?
False
Let p = -6 + 2. Let l be (-88)/p - (-2 - -3). Suppose -d = 3*b + 3, d + l = 4*d - b. Is d a composite number?
True
Let x = 1 + -1. Suppose -v = -x*v. Is 47*(v - -2 - 1) prime?
True
Let v(m) = 5*m + 2. Let d be v(-2). Is (25 + 3)*(-22)/d prime?
False
Suppose 4*z - 3*s - s - 132 = 0, -z + 2*s + 35 = 0. Is z a composite number?
False
Let z = -33 + -17. Let y = z - -36. Let m = 51 + y. Is m composite?
False
Suppose i - 4*s - 204 = 0, -2*i + 4*i - 3*s = 398. Let w = -119 + i. Is w a composite number?
True
Let m = 2 + -2. Let c be ((-15)/(-6))/(-5)*m. Let o(h) = h + 71. Is o(c) prime?
True
Let q be (50/(-15))/((-4)/6). Let k be ((-28)/2)/(q/(-15)). Suppose -2*r + 5*r = k. Is r composite?
True
Let y(c) = 170*c**2 - 3*c - 4. Is y(-1) a prime number?
False
Let h = 2045 - 580. Is h a composite number?
True
Is 5 + (1 + 3)*358 prime?
False
Suppose -4*q = 2*t - 1492, 0 = 3*t - 13 + 1. Is q composite?
True
Let o = -312 + 469. Is o composite?
False
Suppose 18*g - 1225 = 51029. Is g prime?
True
Suppose -66 = -31*f + 29*f. Is f a composite number?
True
Let b = 24 - -5. Suppose -b - 17 = -2*j. Is j prime?
True
Let a(r) = -2*r**2 + r. Let o be a(2). Let c = -26 - -75. Let g = c - o. Is g a composite number?
True
Let d = -18 + 26. Suppose 4*y - 3*f - 5 = 0, -8 = 3*y - d*y + 2*f. Suppose -4 = -z + y. Is z composite?
True
Let x = 20 + 110. Let i = x + 31. Is i composite?
True
Let b be (-1)/3 - 20/(-6). Is -3 - (21 + b)*-1 a prime number?
False
Let s(j) = 48*j + 1. Suppose -6 = 3*q + 3*w, -q = 4*w + 11 + 3. Suppose 0 = 3*x - 3*k - 13 + 1, -q*k - 6 = 0. Is s(x) composite?
True
Let f = 5 + -1. Let q be 4/10 + (-414)/(-90). Suppose 2*x - 2*v - 2 = -f*v, 2*x - v = q. Is x composite?
False
Suppose 0*q + 4*q + 8 = 0. Let u be 0/q*2/4. Is 1/((-2)/(-106) - u) composite?
False
Suppose 5*y + 10 = 2*b - 0*b, y = -5*b - 2. Suppose 3*x - x - 46 = b. Suppose 5*f + 91 = 5*j - 4, j + f = x. Is j a composite number?
True
Let f be -10*((-1)/(-2) + 2). Let r = f + 112. Is r a prime number?
False
Let a = -8 - -10. Suppose 3*m = 4*i + 1135, 0 = -a*m + i + i + 754. Is m composite?
False
Let m = 528 - 191. Is m composite?
False
Let i be 242/2 + 1 - 0. Let p = 219 - i. Is p composite?
False
Let w(p) = 17*p + 14. Let q(h) = -8*h - 7. Let l(s) = 11*q(s) + 6*w(s). Is l(6) a composite number?
True
Suppose -3*i + 5*i = -30. Let d be 114/i + 2/(-5). Let x = 5 - d. Is x composite?
False
Suppose 138 - 744 = -3*o. Is o composite?
True
Is (-2)/8 + 3285/4 a prime number?
True
Let u = -7 + 7. Suppose -5*l + 45 = a, u = -a + 4*a + 4*l - 157. Is a composite?
True
Suppose 4*q - 16 = -4*t, 0 = 3*t - 4*q - 1 - 4. Let c = 18 + -9. Is (97/3)/(t/c) prime?
True
Is 6/4*6296/12 prime?
True
Suppose -3*u - 63 = -1554. Is u composite?
True
Suppose -4*o - 1527 = -5*u, u + 0*o - 306 = o. Is u a composite number?
True
Let l(m) = 7*m + 5. Let i be 1 + -1 + 18 + 2. Suppose -5*d + i = -0. Is l(d) prime?
False
Let b(y) = -150*y - 1. Let h = 2 + -11. Let q(r) = -r - 10. Let k be q(h). Is b(k) composite?
False
Suppose -1387 = -5*d + 1008. Is d composite?
False
Let f(u) = 107*u - 4. Is f(3) a composite number?
False
Suppose -3*b = -6*b + 4*f + 573, -4*b = -4*f - 764. Is b a composite number?
False
Let d(u) = -u + 3. Let h be d(5). Is (162 - h/2) + -2 prime?
False
Suppose 0 = -2*g - 13 + 327. Is g a prime number?
True
Suppose -4 = -3*b + 5. Is b - -306 - (-3 + 5) prime?
True
Let q = 7979 - 3124. Is q a prime number?
False
Suppose -190 = 4*r + 5*n - 877, 0 = -5*n - 25. Is r composite?
True
Let l = -201 - -286. Is l a prime number?
False
Let c be (-32)/5 - 12/(-30). Is 24 - 5/(15/c) a composite number?
True
Suppose 3 + 7 = 5*h. Suppose -h*y = y - 3*i - 57, 4*y + 5*i = 76. Is y a prime number?
True
Suppose 0 = 2*t + 2*t, -p + 4 = -2*t. Suppose 4*r - 8 = 0, -3*z - p*r + 293 = -3*r. Is z a prime number?
True
Suppose 5*b - 13 = -c, -3*b - 4*c + 4 = -14. Suppose z + 291 = n - 0*n, 0 = b*n - 5*z - 576. Is n a prime number?
True
Suppose 8*l = 5*l + 3747. Is l composite?
False
Suppose t - 5*t = -16. Suppose 16 + 5 = 3*j + t*d, 5*d - 27 = -4*j. Is 34 + 2 + (-3)/j a composite number?
True
Is ((-2)/4)/(1/(-254)) composite?
False
Let w be (-119)/(-28) - (-1)/(-4). Suppose -11 + w = -p. Let d(a) = 5*a - 1. Is d(p) a composite number?
True
Let d(i) be the first derivative of -i**3/3 - 5*i**2 + 3*i + 1. Is d(-8) a prime number?
True
Is (3389/(-2))/((-1)/2) a composite number?
False
Suppose -410 - 1283 = -t. Is t prime?
True
Is 7 - (6 - 0) - -210 composite?
False
Suppose -2*g - 4*w = -44, -w + 12 = 2*w. Is 6/(-21) + 522/g prime?
True
Suppose -n - 5*h - 2244 = -4*n, 0 = 2*n + 3*h - 1477. Is n a prime number?
True
Is 1/((-1323)/331 - -4) a composite number?
False
Let w(j) = -j**3 + 8*j**2 - j + 4. Let y be w(8). Let c be (-2)/1*4*y. Suppose -2*z + 3*o = -c, 51 + 12 = 3*z + 3*o. Is z a composite number?
False
Let g(m) be the second derivative of m**3/6 + 5*m**2 + 6*m. Suppose 0 = -h - 1 - 5. Is g(h) a prime number?
False
Suppose 0 = -4*q + 2*z + 1038, -q + 116 = 2*z - 141. Is q a prime number?
False
Suppose 4*i = 3*i - 6. Let z be 0*-1*(-3)/i. Suppose 0 = 3*l - z*l - 363. Is l a prime number?
False
Let x(t) = -t**2 + t + 1. Suppose 2*f + 4 = -4. Let v(j) = -3*j**2 - j - 3. Let g(b) = f*x(b) - v(b). Is g(3) prime?
True
Let k(u) = 3*u**2 + 11*u - 29. Is k(29) a prime number?
False
Is 26/143 - (-4902)/22 composite?
False
Let h = 158 + 795. Is h prime?
True
Suppose y - 1864 = -7*y. Is y prime?
True
Let f be 142/(0 - (-2 - 0)). Let x = -12 + f. Is x composite?
False
Is ((-20)/8)/((-3)/174) prime?
False
Let b = 13 + -6. Let j = 42 + b. Is j*(0 + (-3)/(-3)) a prime number?
False
Suppose -4*v - 20 = 0, -4*g + 2*g - 3*v - 15 = 0. Let t(w) = w + 321. Is t(g) prime?
False
Suppose 38 = -5*q + 223. Suppose -2*a - 148 = -4*a. Let l = a - q. Is l a composite number?
False
Suppose 5*n - 2751 = -4*r, -r + n + 293 + 406 = 0. Is r composite?
True
Let q(t) = t**2 + t + 4. Let r be q(4). Suppose -r = z - 2. Is (-15)/5*z/2 prime?
False
Suppose 2*z - 14 = -2*i, -3*i = 6*z - 2*z - 20. Let p = -3 - -5. Is p/(i/71)*4 prime?
True
Suppose 5*y = -5 + 10. Suppose -y + 0 = t. Is (-46)/(-4)*(t + 3) prime?
True
Suppose 3 = -0*r - 3*r, 2*r = l - 211. Is l prime?
False
Let d = 14 - 15. Let t = 34 - d. Is t prime?
False
Let h(a) = -10 - a + 7*a - 2*a**3 - 5*a**2 + 4*a**3. Is h(5) a composite number?
True
Suppose 0 = 5*u - 2*c - 3*c - 140, 4*u = -c + 87. Let g = -32 + u. Is (-138)/(-4)*(-6)/g composite?
False
Suppose -3*c + 2 + 877 = 0. Is c composite?
False
Let i = -29 - -74. Let w = i + 32. Is w prime?
False
Let z = 681 - -374. Is z prime?
False
Suppose 2*y - 1189 = 77. Suppose 3*b = 6*b - y. Is b a composite number?
False
Let s(h) = h**2 + 2*h + 5. Suppose -3*w - 2*m - 34 = 2*m, 5*w - 2*m = -48. Is s(w) prime?
False
Let l = -3359 - -4999. Is (-1)/(l/547 - 3) prime?
True
Let p(q) = 6*q**2 + 5*q - 1. Let k be p(-8). Suppose t = k - 78. Is t composite?
True
Let n(t) = -t - 11. Let s be n(-13). Is s/(6*(-1)/(-483)) composite?
True
Suppose -5*b + 3*d + 377 = -209, -5*b - 2*d + 601 = 0. Is b a prime number?
False
Suppose -i = 5*i - 17790. Is i prime?
False
Let f be (-3)/((-4)/2 + 3). Suppose -w - 2 = -0, 0 = -2*v + 4*w - 64. Let s = f - v. Is s composite?
True
Suppose 104*f - 100*f = 636. Is f a prime number?
False
Let j(v) = 59*v**2 + 2*v + 1. Is j(-2) a composite number?
False
Let v(r) = -2*r**2 - r + 8. Let m be v(-4). Let z be -2 + 15